{"id":963,"date":"2024-03-15T00:51:19","date_gmt":"2024-03-14T23:51:19","guid":{"rendered":"http:\/\/uslugi-pogrzebowe.rzeszow.pl\/?page_id=963"},"modified":"2024-03-16T10:23:44","modified_gmt":"2024-03-16T09:23:44","slug":"uslugi-pogrzebowe","status":"publish","type":"page","link":"https:\/\/uslugi-pogrzebowe.rzeszow.pl\/?page_id=963","title":{"rendered":"Us\u0142ugi pogrzebowe"},"content":{"rendered":"\n<h2 class=\"wp-block-heading\">Uwaga! Najbli\u017csi zmar\u0142ego maj\u0105 pe\u0142ne prawo wyboru zak\u0142adu pogrzebowego, kt\u00f3rego oferta najbardziej im odpowiada.<\/h2>\n\n\n\n<p>\u015awiadczymy us\u0142ugi pogrzebowe, zwi\u0105zane z kompleksow\u0105 obs\u0142ug\u0105 pogrzeb\u00f3w.<\/p>\n\n\n\n<p>Zakres us\u0142ug oraz ca\u0142kowity koszt ceremonii pogrzebowej przedstawiamy i ustalamy przed pogrzebem.<\/p>\n\n\n\n<p>Nasz Zak\u0142ad Pogrzebowy jest do Pa\u0144stwa dyspozycji przez ca\u0142\u0105 dob\u0119.<\/p>\n\n\n\n<p>Posiadamy wyb\u00f3r trumien dopasowanych do Pa\u0144stwa oczekiwa\u0144 i potrzeb.<\/p>\n\n\n\n<p>Oferujemy mo\u017cliwo\u015b\u0107 transportu Cia\u0142a Osoby zmar\u0142ej.<\/p>\n\n\n\n<p>Realizujemy obs\u0142ug\u0119 ceremonii pogrzebowych.<\/p>\n\n\n\n<p>Wykonujemy us\u0142ugi pogrzebowe na terenie Nockowa, B\u0119dzienica, Iwierzyce, Wiercany, Olimp\u00f3w, Wi\u015bniowa, Zagorzyce, Sielec, Bystrzyca, Zg\u0142obie\u0144, Wola Zg\u0142obie\u0144ska, Zabierz\u00f3w, Bzianka.<\/p>\n\n\n\n<div class=\"wp-block-media-text is-stacked-on-mobile\"><figure class=\"wp-block-media-text__media\"><img loading=\"lazy\" decoding=\"async\" width=\"300\" height=\"98\" src=\"http:\/\/uslugi-pogrzebowe.rzeszow.pl\/wp-content\/uploads\/2024\/03\/trumna-300x98.png\" alt=\"\" class=\"wp-image-967 size-full\" srcset=\"https:\/\/uslugi-pogrzebowe.rzeszow.pl\/wp-content\/uploads\/2024\/03\/trumna-300x98.png 300w, https:\/\/uslugi-pogrzebowe.rzeszow.pl\/wp-content\/uploads\/2024\/03\/trumna-768x251.png 768w, https:\/\/uslugi-pogrzebowe.rzeszow.pl\/wp-content\/uploads\/2024\/03\/trumna.png 982w\" sizes=\"auto, (max-width: 300px) 100vw, 300px\" \/><\/figure><div class=\"wp-block-media-text__content\">\n<p>Wykonujemy us\u0142ugi pogrzebowe na terenie:<\/p>\n\n\n\n<ul class=\"wp-block-list\">\n<li>Nockowa<\/li>\n\n\n\n<li>B\u0119dzienica<\/li>\n\n\n\n<li>Iwierzyce<\/li>\n\n\n\n<li>Wiercany<\/li>\n\n\n\n<li>Olimp\u00f3w<\/li>\n\n\n\n<li>Wi\u015bniowa<\/li>\n\n\n\n<li>Zagorzyce<\/li>\n\n\n\n<li>Sielec<\/li>\n\n\n\n<li>Bystrzyca<\/li>\n\n\n\n<li>Zg\u0142obie\u0144<\/li>\n\n\n\n<li>Wola Zg\u0142obie\u0144ska<\/li>\n\n\n\n<li>Zabierz\u00f3w<\/li>\n\n\n\n<li>Bzianka<\/li>\n<\/ul>\n<\/div><\/div>\n\n\n\n<p class=\"has-text-align-center\"><strong>Gwarantujemy najni\u017csze ceny w regionie.<\/strong><\/p>\n","protected":false},"excerpt":{"rendered":"<p>Uwaga! Najbli\u017csi zmar\u0142ego maj\u0105 pe\u0142ne prawo wyboru zak\u0142adu pogrzebowego, kt\u00f3rego oferta najbardziej im odpowiada. \u015awiadczymy us\u0142ugi pogrzebowe, zwi\u0105zane z kompleksow\u0105 obs\u0142ug\u0105 pogrzeb\u00f3w. Zakres us\u0142ug oraz ca\u0142kowity koszt ceremonii pogrzebowej przedstawiamy i ustalamy przed pogrzebem. Nasz Zak\u0142ad Pogrzebowy jest do Pa\u0144stwa dyspozycji przez ca\u0142\u0105 dob\u0119. Posiadamy wyb\u00f3r trumien dopasowanych do Pa\u0144stwa oczekiwa\u0144 i potrzeb. Oferujemy mo\u017cliwo\u015b\u0107 transportu Cia\u0142a Osoby zmar\u0142ej. Realizujemy obs\u0142ug\u0119 ceremonii pogrzebowych. Wykonujemy us\u0142ugi pogrzebowe na terenie Nockowa, B\u0119dzienica, Iwierzyce, Wiercany, Olimp\u00f3w, Wi\u015bniowa, Zagorzyce, Sielec, Bystrzyca, Zg\u0142obie\u0144, Wola Zg\u0142obie\u0144ska, Zabierz\u00f3w, Bzianka. Gwarantujemy najni\u017csze ceny w regionie.<\/p>\n","protected":false},"author":1,"featured_media":0,"parent":0,"menu_order":0,"comment_status":"closed","ping_status":"closed","template":"","meta":{"footnotes":""},"class_list":["post-963","page","type-page","status-publish","hentry"],"_links":{"self":[{"href":"https:\/\/uslugi-pogrzebowe.rzeszow.pl\/index.php?rest_route=\/wp\/v2\/pages\/963","targetHints":{"allow":["GET"]}}],"collection":[{"href":"https:\/\/uslugi-pogrzebowe.rzeszow.pl\/index.php?rest_route=\/wp\/v2\/pages"}],"about":[{"href":"https:\/\/uslugi-pogrzebowe.rzeszow.pl\/index.php?rest_route=\/wp\/v2\/types\/page"}],"author":[{"embeddable":true,"href":"https:\/\/uslugi-pogrzebowe.rzeszow.pl\/index.php?rest_route=\/wp\/v2\/users\/1"}],"replies":[{"embeddable":true,"href":"https:\/\/uslugi-pogrzebowe.rzeszow.pl\/index.php?rest_route=%2Fwp%2Fv2%2Fcomments&post=963"}],"version-history":[{"count":10,"href":"https:\/\/uslugi-pogrzebowe.rzeszow.pl\/index.php?rest_route=\/wp\/v2\/pages\/963\/revisions"}],"predecessor-version":[{"id":1047,"href":"https:\/\/uslugi-pogrzebowe.rzeszow.pl\/index.php?rest_route=\/wp\/v2\/pages\/963\/revisions\/1047"}],"wp:attachment":[{"href":"https:\/\/uslugi-pogrzebowe.rzeszow.pl\/index.php?rest_route=%2Fwp%2Fv2%2Fmedia&parent=963"}],"curies":[{"name":"wp","href":"https:\/\/api.w.org\/{rel}","templated":true}]}}